{"id":147,"date":"2016-03-20T19:52:07","date_gmt":"2016-03-20T18:52:07","guid":{"rendered":"http:\/\/188.166.4.106\/?page_id=147"},"modified":"2026-04-30T17:20:54","modified_gmt":"2026-04-30T15:20:54","slug":"ausstellung","status":"publish","type":"page","link":"https:\/\/frewein.eu\/index.php\/ausstellung\/","title":{"rendered":"Ausstellung"},"content":{"rendered":"<p>\u00a0<\/p>\n<h3 style=\"text-align: center;\">Meine Werke sind laufend in der\u00a0Galerie <a href=\"http:\/\/www.uptown.art\">upTown Art<\/a> zu sehen<strong>.<\/strong><\/h3>\n<h3 style=\"text-align: center;\">Der offene Kunstraum im Herzen von Graz, Sporgasse 24.\u00a0<\/h3>\n<p>\u00a0<\/p>\n<p style=\"text-align: center;\"><strong>Ich freu mich \u00fcber pers\u00f6nliche Kontakte. <\/strong><strong>Terminvereinbarung: judith.frewein@outlook.com\u00a0<\/strong><\/p>\n<p>+++++++++++++++++++++++++++++++++++++++++++++++++++++++++++++++++++++++++++++++++++++++++++++++++++++++++++++<\/p>\n<p><strong>Bisherige Ausstellungen \/ Initiativen:<\/strong><\/p>\n<p>Galerie upTownArt Graz \/ April 2026<\/p>\n<p><img loading=\"lazy\" class=\"wp-image-3132 alignleft\" src=\"https:\/\/frewein.eu\/wp-content\/uploads\/April-2026.jpg\" alt=\"\" width=\"336\" height=\"479\" \/><\/p>\n<p>\u00a0<\/p>\n<p>\u00a0<\/p>\n<p>\u00a0<\/p>\n<p>\u00a0<\/p>\n<p>\u00a0<\/p>\n<p>\u00a0<\/p>\n<p>\u00a0<\/p>\n<p>\u00a0<\/p>\n<p>\u00a0<\/p>\n<p>\u00a0<\/p>\n<p>\u00a0<\/p>\n<p>www.uptown.art | Ausstellung Februar 2026<\/p>\n<p><img loading=\"lazy\" class=\"alignnone  wp-image-3126\" src=\"https:\/\/frewein.eu\/wp-content\/uploads\/Flyer-Februar-26.jpg\" alt=\"\" width=\"559\" height=\"699\" \/><\/p>\n<p><strong>Kunstauktion f\u00fcr den Bau der 20. Schule in \u00c4thiopien | Menschen f\u00fcr Menschen | 15. J\u00e4nner 2026<\/strong>\u00a0<\/p>\n<p>Steiermarkhof, Graz<\/p>\n<p><img loading=\"lazy\" class=\"alignnone  wp-image-3080\" src=\"https:\/\/frewein.eu\/wp-content\/uploads\/Kunstauktion_Janner-2026.jpg\" alt=\"\" width=\"541\" height=\"744\" \/><\/p>\n<p><strong>&#8220;Kardinalrot, Kunst &amp; Genuss&#8221; | Gruppenausstellung von 28.8.2025 bis 14.1.2026<\/strong><\/p>\n<p><img loading=\"lazy\" class=\"alignnone  wp-image-3047\" src=\"https:\/\/frewein.eu\/wp-content\/uploads\/Einladung1.jpg\" alt=\"\" width=\"578\" height=\"287\" \/><\/p>\n<p><img loading=\"lazy\" class=\"alignnone  wp-image-3048\" src=\"https:\/\/frewein.eu\/wp-content\/uploads\/Einladung2.jpg\" alt=\"\" width=\"576\" height=\"279\" \/><\/p>\n<p><strong>&#8220;open exhibition&#8221; | Gruppenausstellung | 4.12.2025 bis 31.12.2025 <\/strong><\/p>\n<p><img loading=\"lazy\" class=\"alignnone size-full wp-image-3086\" src=\"https:\/\/frewein.eu\/wp-content\/uploads\/open-exhibition.jpg\" alt=\"\" width=\"575\" height=\"574\" \/><\/p>\n<p><strong>Gedankenschichten<\/strong> | 12.9. bis 11.10.2025\u00a0<\/p>\n<p><img loading=\"lazy\" class=\"alignnone  wp-image-3076\" src=\"https:\/\/frewein.eu\/wp-content\/uploads\/Flyer-Gedankenschichten.jpg\" alt=\"\" width=\"538\" height=\"538\" \/><\/p>\n<p><strong>&#8220;Live Painting&#8221;<\/strong> &gt; uptownart Graz<\/p>\n<p><img loading=\"lazy\" class=\"alignnone  wp-image-3030\" src=\"https:\/\/frewein.eu\/wp-content\/uploads\/live-painting-August-2025.png\" alt=\"\" width=\"545\" height=\"362\" \/><\/p>\n<p><strong>&#8220;Upstract Art&#8221;<\/strong> | Kunstausstellung vom 11.7. &#8211; 8.8.2025 in Kooperation mit Styriarte Klangwolke<\/p>\n<p><img loading=\"lazy\" class=\"alignnone  wp-image-2999\" src=\"https:\/\/frewein.eu\/wp-content\/uploads\/1000159279-1.jpg\" alt=\"\" width=\"480\" height=\"600\" \/><\/p>\n<p><strong>&#8220;Funnymals&#8221;<\/strong> | Gruppenausstellung vom 11.6. bis 9.7.2025 | upTownArt<\/p>\n<p><img loading=\"lazy\" class=\"alignnone  wp-image-2976\" src=\"https:\/\/frewein.eu\/wp-content\/uploads\/Funnymals.jpg\" alt=\"\" width=\"510\" height=\"503\" \/><\/p>\n<p><strong>&#8220;Weiter Horizont&#8221;<\/strong> | Kunstausstellung 2.4. &#8211; 2.5.2025<\/p>\n<p><img loading=\"lazy\" class=\"alignnone  wp-image-2953\" src=\"https:\/\/frewein.eu\/wp-content\/uploads\/Weiter-Horizont_Kunstausstellung.jpg\" alt=\"\" width=\"519\" height=\"605\" \/><\/p>\n<p>\u00a0<\/p>\n<p><strong>GR\u00dcN<\/strong> | Gruppenausstellung Galerie\/Atelier Reicher Arts von 4. &#8211; 29.3.2025<\/p>\n<p><img loading=\"lazy\" class=\"alignnone  wp-image-2962\" src=\"https:\/\/frewein.eu\/wp-content\/uploads\/Marz-25_GRUN.jpg\" alt=\"\" width=\"517\" height=\"646\" \/><\/p>\n<p>\u00a0<\/p>\n<p>Steiermarkhof &gt; Kunstauktion f\u00fcr den Bau der 20. Schule in \u00c4thiopien 16. J\u00e4nner 2025<\/p>\n<p><img loading=\"lazy\" class=\"alignnone  wp-image-3003\" src=\"https:\/\/frewein.eu\/wp-content\/uploads\/Unbenannt-3.jpg\" alt=\"\" width=\"413\" height=\"589\" \/><\/p>\n<p>\u00a0<\/p>\n<p>Der Zauber des Allt\u00e4glichen | Hemmaberg-Linde und Momentesammlung<\/p>\n<p>von 25.11.2024 bis 28.2.2025 in Klagenfurt<\/p>\n<p><img loading=\"lazy\" class=\"alignnone  wp-image-2898\" src=\"https:\/\/frewein.eu\/wp-content\/uploads\/Der-Zauber-des-Alltaglichen-1.jpg\" alt=\"\" width=\"898\" height=\"617\" \/><\/p>\n<p>Kunst&amp;Design Messe in Gratkorn \/ November 2024<\/p>\n<p><img loading=\"lazy\" class=\"alignnone size-full wp-image-2864\" src=\"https:\/\/frewein.eu\/wp-content\/uploads\/Info-1.jpg\" alt=\"\" width=\"338\" height=\"478\" \/><\/p>\n<p><a href=\"http:\/\/uptownart.at\">upTown-art<\/a> | &#8220;Wohlbehagen&#8221; | Ausstellung vom 2.10.2024 bis 5.11.2024\u00a0<\/p>\n<p><img loading=\"lazy\" class=\"alignnone  wp-image-2887\" src=\"https:\/\/frewein.eu\/wp-content\/uploads\/Ankunder-1.jpg\" alt=\"\" width=\"392\" height=\"392\" \/><\/p>\n<p><a href=\"http:\/\/uptownart.at\">upTown-art<\/a> | &#8220;Stadt-Land-Fluss&#8221; | Ausstellung vom 24.1. bis 6.2.2024\u00a0<\/p>\n<p><img loading=\"lazy\" class=\"alignnone  wp-image-2844\" src=\"https:\/\/frewein.eu\/wp-content\/uploads\/Judith-Frewein_Ankunder.jpg\" alt=\"\" width=\"393\" height=\"393\" \/><\/p>\n<p>\u00a0<\/p>\n<p>4. K\u00fcnstlerInnenmesse Gratkorn, 25. und 26.11.2023<\/p>\n<p><img loading=\"lazy\" class=\"alignnone  wp-image-2768\" src=\"https:\/\/frewein.eu\/wp-content\/uploads\/KunstlerInnenmesse-2023-1.jpg\" alt=\"\" width=\"345\" height=\"410\" \/><\/p>\n<p><a href=\"http:\/\/uptownart.at\">upTown-art<\/a> | &#8220;human heroes&#8221; | Ausstellung vom 2. bis 23.8.2023\u00a0<\/p>\n<p><img loading=\"lazy\" class=\"alignnone  wp-image-2754\" src=\"https:\/\/frewein.eu\/wp-content\/uploads\/TINA.jpg\" alt=\"\" width=\"431\" height=\"431\" \/><\/p>\n<p>\u00a0<\/p>\n<p><a href=\"http:\/\/kreativraum.gallery\">KreativRaum Galerie<\/a> | &#8220;the secret life of pets&#8221; | Ausstellung vom 12. bis 25.8.2023 |<\/p>\n<p><img loading=\"lazy\" class=\"alignnone  wp-image-2751\" src=\"https:\/\/frewein.eu\/wp-content\/uploads\/Pets.jpg\" alt=\"\" width=\"413\" height=\"392\" \/><\/p>\n<p><a href=\"http:\/\/uptownart.at\">upTown-art<\/a> | &#8220;BLICK&#8221; | Ausstellung vom 5. bis 20.7.2023\u00a0<\/p>\n<p>\u00a0<img loading=\"lazy\" class=\"alignnone  wp-image-2748\" src=\"https:\/\/frewein.eu\/wp-content\/uploads\/Judith-Frewein_Blick_Juli-2023.jpg\" alt=\"\" width=\"399\" height=\"399\" \/><\/p>\n<p><a href=\"http:\/\/uptownart.at\">upTown-art<\/a> | &#8220;Connected&#8221; | Ausstellung vom 2. bis 17.6.2023<\/p>\n<p><img loading=\"lazy\" class=\"alignnone  wp-image-2725\" src=\"https:\/\/frewein.eu\/wp-content\/uploads\/Connected.jpg\" alt=\"\" width=\"431\" height=\"306\" \/><\/p>\n<p><a href=\"http:\/\/uptownart.at\">upTown-art<\/a> | &#8220;social seismograph&#8221; | Ausstellung vom 3. bis 31.5.2023<\/p>\n<p><img loading=\"lazy\" class=\"alignnone  wp-image-2719\" src=\"https:\/\/frewein.eu\/wp-content\/uploads\/social-seismograph.jpg\" alt=\"\" width=\"438\" height=\"310\" \/><\/p>\n<p><a href=\"http:\/\/uptownart.at\">upTown-art<\/a> | &#8220;DIMENSION 3&#8221; | Ausstellung vom 5. bis 29.4.2023\u00a0<\/p>\n<p><img loading=\"lazy\" class=\"alignnone  wp-image-2709\" src=\"https:\/\/frewein.eu\/wp-content\/uploads\/Flyer-Dimension-3NEU.jpg\" alt=\"\" width=\"385\" height=\"385\" \/><\/p>\n<p><a href=\"http:\/\/uptownart.at\">upTown-art<\/a> | &#8220;FLOWERS&#8221; | Ausstellung vom 2.3. bis 28.3.2023\u00a0<\/p>\n<p><img loading=\"lazy\" class=\"alignnone  wp-image-2669\" src=\"https:\/\/frewein.eu\/wp-content\/uploads\/Judith-Frewein-Flowers.jpg\" alt=\"\" width=\"396\" height=\"396\" \/><\/p>\n<p><a href=\"http:\/\/pizzeria-santalucia.at\/santa-lucia-bar\/\"><strong>BAR Santa Lucia<\/strong><\/a> \/ Stockergasse 10, Lendplatz Graz von 13.12.2022 bis 28.1.2023<\/p>\n<p>\u00a0 \u00a0 <img loading=\"lazy\" class=\"alignnone  wp-image-2652\" src=\"https:\/\/frewein.eu\/wp-content\/uploads\/pink.jpg\" alt=\"\" width=\"326\" height=\"326\" \/><\/p>\n<p><a href=\"https:\/\/www.steiermarkhof.at\/hofgalerie\/\">Steiermarkhof<\/a> &gt; Kunstauktion f\u00fcr den Bau der Ginchi-Schule in \u00c4thiopien | 18. J\u00e4nner 2023\u00a0<\/p>\n<p>\u00a0<img loading=\"lazy\" class=\"alignnone  wp-image-2649\" src=\"https:\/\/frewein.eu\/wp-content\/uploads\/18_01_23.jpg\" alt=\"\" width=\"354\" height=\"499\" \/><\/p>\n<p><a href=\"http:\/\/uptownart.at\">upTown-art<\/a> | &#8220;open exhibition&#8221; |\u00a0Ausstellung vom 2.12. &#8211; 31.12.2022<\/p>\n<p><img loading=\"lazy\" class=\"alignnone  wp-image-2634\" src=\"https:\/\/frewein.eu\/wp-content\/uploads\/Ankunder.jpg\" alt=\"\" width=\"376\" height=\"532\" \/><\/p>\n<p><a href=\"http:\/\/uptownart.at\">upTown-art<\/a> | &#8220;open exhibition&#8221; |\u00a0Ausstellung vom 2. &#8211; 30.11.2022<\/p>\n<p><img loading=\"lazy\" class=\"alignnone  wp-image-2633\" src=\"https:\/\/frewein.eu\/wp-content\/uploads\/Ankunder-mehr.jpg\" alt=\"\" width=\"352\" height=\"428\" \/><\/p>\n<p><strong>K\u00fcnstlerInnenmesse Gratkorn<\/strong> | 19. &#8211; 20. November 2022<\/p>\n<p><img loading=\"lazy\" class=\"alignnone  wp-image-2618\" src=\"https:\/\/frewein.eu\/wp-content\/uploads\/2022.jpg\" alt=\"\" width=\"333\" height=\"464\" \/><\/p>\n<p><a href=\"https:\/\/www.uptownart.at\/\">upTown-art<\/a> | &#8220;GOLD&#8221; | Vernissage am Mittwoch, 5. Oktober 2022, ab 18:19 Uhr<br \/>Ausstellung vom 1. &#8211; 14. Oktober 2022\u00a0\u00a0<\/p>\n<p><img loading=\"lazy\" class=\"alignnone  wp-image-2599\" src=\"https:\/\/frewein.eu\/wp-content\/uploads\/Einladung-Ausstellung-GOLD.jpg\" alt=\"\" width=\"384\" height=\"384\" \/><\/p>\n<p><a href=\"https:\/\/www.uptownart.at\/\">upTown-art<\/a> | &#8220;K\u00f6rper:Bewusstsein&#8221; | Ausstellung September 2022\u00a0\u00a0<\/p>\n<p><img loading=\"lazy\" class=\"alignnone  wp-image-2532\" src=\"https:\/\/frewein.eu\/wp-content\/uploads\/Info.jpg\" alt=\"\" width=\"373\" height=\"374\" \/><\/p>\n<p><strong><a href=\"https:\/\/www.cafe-kaiserfeld.at\/\">Cafe Kaiserfeld<\/a>\u00a0<\/strong>| Eine Ausstellung im wundervollen Jugendstil-Caf\u00e8-Ambiente | August 2022<\/p>\n<p><strong><a href=\"https:\/\/www.cafe-kaiserfeld.at\/\"><img loading=\"lazy\" class=\"wp-image-2476 alignleft\" src=\"https:\/\/frewein.eu\/wp-content\/uploads\/Einladung_Ausstellung_Cafe-Kaiserfeld-1.jpg\" alt=\"\" width=\"429\" height=\"238\" \/><\/a><\/strong><\/p>\n<p>\u00a0<\/p>\n<p><strong>Hochschulgalerie der <a href=\"https:\/\/www.phst.at\/home\/\">P\u00e4dagogischen Hochschule Steiermark<\/a><\/strong> &gt; 25.4. bis 27.5.2022. Die Vernissage wurde am 25.4.2022 unter Teilnahme des international erfolgreichen K\u00fcnstlers Erwin Wurm er\u00f6ffnet.<\/p>\n<p><img loading=\"lazy\" class=\"alignnone  wp-image-2538\" src=\"https:\/\/frewein.eu\/wp-content\/uploads\/save-the-date-ONE_TWELVE.jpg\" alt=\"\" width=\"585\" height=\"253\" \/><\/p>\n<p><a href=\"https:\/\/www.steiermarkhof.at\/\"><strong>Steiermarkhof<\/strong> <\/a>&gt; 20.1.2022 |\u00a0Benefiz-Kunstauktion f\u00fcr den Bau von Schulen in \u00c4thiopien\u00a0<\/p>\n<p><img loading=\"lazy\" class=\"alignnone  wp-image-2546\" src=\"https:\/\/frewein.eu\/wp-content\/uploads\/Ankundigung-1.jpg\" alt=\"\" width=\"458\" height=\"635\" \/><\/p>\n<p><a href=\"https:\/\/www.phst.at\/home\/\">P\u00e4dagogische Hochschule Steiermark<\/a> | locked in art | Corona-Ausstellung ohne Menschen 2021<\/p>\n<p><img loading=\"lazy\" class=\"alignnone  wp-image-2552\" src=\"https:\/\/frewein.eu\/wp-content\/uploads\/Pad-Hochschulgalerie.jpg\" alt=\"\" width=\"581\" height=\"825\" \/><\/p>\n<p><strong><a href=\"https:\/\/www.meinbezirk.at\/tag\/k%C3%BCnstlermesse\">K\u00fcnstlerInnenmesse Gratkorn<\/a> <\/strong>2020<\/p>\n<p><img loading=\"lazy\" class=\"alignnone  wp-image-2544\" src=\"https:\/\/frewein.eu\/wp-content\/uploads\/Ankundigung.jpg\" alt=\"\" width=\"558\" height=\"262\" \/><\/p>\n<p><a href=\"https:\/\/www.harkamp.at\/weingartenhotel\/\"><strong>Weingartenhotel Harkamp<\/strong><\/a> &gt; Ausstellung von Acryl-Bildern \u00fcber mehrere Jahre &#8230;<\/p>\n<p><strong>Spectral-ART &gt; <\/strong>Spectral ART B. Sandwirt, Ludwig Stampfergasse 17, 8580 K\u00f6flach &gt;&gt;&gt;&gt; ein altes, kleines Gasthaus wurde bis einschlie\u00dflich September 2022 zu einer Galerie.<\/p>\n<p style=\"text-align: right;\">\u00a0<\/p><\/p>\n","protected":false},"excerpt":{"rendered":"<p>\u00a0 Meine Werke sind laufend in der\u00a0Galerie upTown Art zu sehen. Der offene Kunstraum im Herzen von Graz, Sporgasse 24.\u00a0 \u00a0 Ich freu mich \u00fcber pers\u00f6nliche Kontakte. Terminvereinbarung: judith.frewein@outlook.com\u00a0 +++++++++++++++++++++++++++++++++++++++++++++++++++++++++++++++++++++++++++++++++++++++++++++++++++++++++++++ Bisherige Ausstellungen \/ Initiativen: Galerie upTownArt Graz \/ April 2026 \u00a0 \u00a0 \u00a0 \u00a0 \u00a0 \u00a0 \u00a0 \u00a0 \u00a0 \u00a0 \u00a0 www.uptown.art | Ausstellung Februar [&hellip;]<\/p>\n","protected":false},"author":2,"featured_media":0,"parent":0,"menu_order":0,"comment_status":"closed","ping_status":"closed","template":"","meta":[],"_links":{"self":[{"href":"https:\/\/frewein.eu\/index.php\/wp-json\/wp\/v2\/pages\/147"}],"collection":[{"href":"https:\/\/frewein.eu\/index.php\/wp-json\/wp\/v2\/pages"}],"about":[{"href":"https:\/\/frewein.eu\/index.php\/wp-json\/wp\/v2\/types\/page"}],"author":[{"embeddable":true,"href":"https:\/\/frewein.eu\/index.php\/wp-json\/wp\/v2\/users\/2"}],"replies":[{"embeddable":true,"href":"https:\/\/frewein.eu\/index.php\/wp-json\/wp\/v2\/comments?post=147"}],"version-history":[{"count":250,"href":"https:\/\/frewein.eu\/index.php\/wp-json\/wp\/v2\/pages\/147\/revisions"}],"predecessor-version":[{"id":3149,"href":"https:\/\/frewein.eu\/index.php\/wp-json\/wp\/v2\/pages\/147\/revisions\/3149"}],"wp:attachment":[{"href":"https:\/\/frewein.eu\/index.php\/wp-json\/wp\/v2\/media?parent=147"}],"curies":[{"name":"wp","href":"https:\/\/api.w.org\/{rel}","templated":true}]}}